is 11 - 302030?
-302013
In base 10, what is 4 + -57?
-53
In base 15, what is -2 + -e?
-11
In base 5, what is -104 + -2?
-111
In base 7, what is -21 + 5?
-13
In base 12, what is -21 - 3?
-24
In base 16, what is 18 + -23?
-b
In base 16, what is 8 - 27e?
-276
In base 7, what is 123 - -2?
125
In base 9, what is 2 + 100?
102
In base 9, what is -40 + 43?
3
In base 2, what is -110 + -1000?
-1110
In base 7, what is -346 - 3?
-352
In base 4, what is -11 + -3032?
-3103
In base 6, what is -5351 - 3?
-5354
In base 8, what is 0 + 34?
34
In base 8, what is -364 + -2?
-366
In base 4, what is 13233 + 200?
20033
In base 12, what is 123 + 2?
125
In base 11, what is -81a + -3?
-822
In base 5, what is 122 + -10?
112
In base 10, what is 34 - -12?
46
In base 6, what is 1343 + -10?
1333
In base 5, what is 201 + -4?
142
In base 3, what is 2 - 12001?
-11222
In base 15, what is -5 + -71a?
-720
In base 5, what is -4 - 311?
-320
In base 4, what is 3 + 2011?
2020
In base 4, what is -10210 + 3?
-10201
In base 14, what is 2 - b?
-9
In base 6, what is 301 + 4?
305
In base 6, what is -44322 - 5?
-44331
In base 7, what is 136 + 20?
156
In base 6, what is -110 - 0?
-110
In base 6, what is -1 - 20433?
-20434
In base 2, what is -101010011 - -10?
-101010001
In base 8, what is -6 - -1?
-5
In base 2, what is 1010 - 10100000?
-10010110
In base 15, what is -63 - -1?
-62
In base 13, what is 3 - -10a?
110
In base 15, what is 1 - -18b4?
18b5
In base 11, what is 2 + 583?
585
In base 15, what is -94 - 5?
-99
In base 14, what is -12 + -34a?
-35c
In base 13, what is -2 + -21?
-23
In base 2, what is 100111110000 - -101?
100111110101
In base 2, what is -11 - 100110101?
-100111000
In base 12, what is 67a - -a?
688
In base 16, what is 13 + 90?
a3
In base 14, what is -5 - -ab?
a6
In base 6, what is 304 + 4?
312
In base 9, what is -1 + 138?
137
In base 8, what is -175 + 135?
-40
In base 13, what is 2c - 1?
2b
In base 6, what is 5 - 13052?
-13043
In base 16, what is 5 - -529?
52e
In base 9, what is 5 - -16?
22
In base 4, what is 202 + 11202?
12010
In base 3, what is 22 - -120?
212
In base 3, what is -11201 - 120?
-12021
In base 11, what is 1 - 2156?
-2155
In base 16, what is -1 + -36?
-37
In base 6, what is -221 - 152?
-413
In base 5, what is -111 + -1024?
-1140
In base 3, what is 1001020 + 10?
1001100
In base 8, what is 141 - -4?
145
In base 7, what is 5 + 420?
425
In base 15, what is 4 - 54?
-50
In base 3, what is -1 + -11?
-12
In base 10, what is -2 - 54?
-56
In base 4, what is 223 - 11?
212
In base 5, what is 1200 + 3?
1203
In base 2, what is 111 - -1101?
10100
In base 6, what is -4 - -1211?
1203
In base 16, what is -21 - -4?
-1d
In base 9, what is -10 - -2?
-7
In base 6, what is 13 + 22?
35
In base 6, what is 3 - -2333?
2340
In base 9, what is 118 - -5?
124
In base 12, what is 33 - 20?
13
In base 11, what is 2 + 59?
60
In base 6, what is -3 - 2253?
-2300
In base 5, what is -31 + -120?
-201
In base 14, what is -2 - -d8?
d6
In base 11, what is -382 - 8?
-38a
In base 10, what is -26 + 52?
26
In base 16, what is 4 + 37?
3b
In base 15, what is 350 - -2?
352
In base 3, what is -10 - -11011?
11001
In base 15, what is -84 + -4?
-88
In base 14, what is -3 + d8?
d5
In base 4, what is -2323 + -300?
-3223
In base 5, what is 10 + -2210?
-2200
In base 11, what is 4269 + -1?
4268
In base 11, what is -49 + 9?
-40
In base 9, what is -383 + -10?
-403
In base 11, what is -16 - -13?
-3
In base 15, what is 8 - 7?
1
In base 4, what is 11 - -3020?
3031
In base 10, what is 0 + 5?
5
In base 12, what is 2057 + 3?
205a
In base 15, what is -11 + -38?
-49
In base 5, what is -30 - 3104?
-3134
In base 5, what is -2 - 1130?
-1132
In base 6, what is -202 - 12?
-214
In base 5, what is 32 - -203?
240
In base 14, what is 1 + -1344?
-1343
In base 8, what is 22 + 20?
42
In base 5, what is -31040 - 10?
-31100
In base 13, what is 23b + -1?
23a
In base 6, what is 113 - -3?
120
In base 2, what is -10 + -11011110?
-11100000
In base 15, what is -59b + -3?
-59e
In base 10, what is 845 - 10?
835
In base 8, what is -126 - 26?
-154
In base 14, what is 37 + -3?
34
In base 11, what is -a22 - 4?
-a26
In base 5, what is -240 - 3?
-243
In base 6, what is 50 - 2?
44
In base 7, what is 23 + 15?
41
In base 4, what is 322 + -2?
320
In base 15, what is 3 + -18a?
-187
In base 6, what is -5 + -12002?
-12011
In base 12, what is -4 - 82?
-86
In base 9, what is 130 + 1?
131
In base 15, what is -39 + -6?
-40
In base 15, what is -391 - 0?
-391
In base 14, what is -1c7 - -2?
-1c5
In base 5, what is -403 - -224?
-124
In base 3, what is -1011 - 222?
-2010
In base 8, what is -1 - 163?
-164
In base 15, what is -1 - -7?
6
In base 13, what is -25 - 8?
-30
In base 6, what is 221 - -10?
231
In base 13, what is 5 + -bc7?
-bc2
In base 9, what is -10 - 6?
-16
In base 10, what is -5 - -439?
434
In base 6, what is 22 - 50?
-24
In base 11, what is 2 - 58?
-56
In base 8, what is -36 + -446?
-504
In base 11, what is 29 + 3?
31
In base 10, what is 6040 + 4?
6044
In base 13, what is -3 - -b1a?
b17
In base 14, what is 4 - -1986?
198a
In base 14, what is 43 - -1d5?
238
In base 9, what is 17 + 147?
165
In base 12, what is 1 + 692?
693
In base 3, what is -111 - 1202?
-2020
In base 8, what is 11 + -26?
-15
In base 2, what is -101 - -1101100110?
1101100001
In base 2, what is -1000001111 - 0?
-1000001111
In base 14, what is -19d8 - 5?
-19dd
In base 8, what is 1351 + 1?
1352
In base 14, what is -803 - -2?
-801
In base 14, what is -489b + 4?
-4897
In base 13, what is -3 - 386?
-389
In base 12, what is -4 - -33?
2b
In base 5, what is 1 - 200?
-144
In base 14, what is -77 - 3?
-7a
In base 15, what is 7 + 14?
1b
In base 14, what is -5 + -16?
-1b
In base 12, what is 1a3 + -2?
1a1
In base 3, what is -20201111 + -1?
-20201112
In base 3, what is 10 - 1022020?
-1022010
In base 12, what is 6249 - 4?
6245
In base 8, what is -11 + -12?
-23
In base 13, what is -313 - -2?
-311
In base 8, what is 15 + -16?
-1
In base 8, what is 0 + 0?
0
In base 11, what is 1a + -32?
-13
In base 10, what is -968 - -2?
-966
In base 9, what is 155 - -45?
211
In base 3, what is 112 + -2221?
-2102
In base 7, what is -3 - -5?
2
In base 8, what is 4 + 4177?
4203
In base 5, what is 230 - -101?
331
In base 11, what is -57 - -46?
-11
In base 15, what is -3 - 14a4?
-14a7
In base 7, what is -236 + -3?
-242
In base 6, what is -131 - 5?
-140
In base 9, what is 1186 - 4?
1182
In base 10, what is -342 + -1?
-343
In base 4, what is 2 - 11?
-3
In base 2, what is -1011 + -10100100?
-10101111
In base 11, what is -5 - 158?
-162
In base 5, what is 43404 + 1?
43410
In base 10, what is 13 - -20?
33
In base 14, what is bb + -26?
95
In base 2, what is 1100101000 - 1?
1100100111
In base 6, what is -3 - 240?
-243
In base 8, what is 23237 + 1?
23240
In base 4, what is 20100 - 1?
20033
In base 11, what is 48 - 2?
46
In base 14, what is 0 + 27?
27
In base 6, what is 141 + -3?
134
In base 11, what is -3 + -541?
-544
In base 13, what is -4 - -88?
84
In base 8, what is -1 - -20?
17
In base 4, what is 32 + -11?
21
In base 2, what is 1010110 - -10?
1011000
In base 6, what is -3 + -11?
-14
In base 11, what is -78 + -26?
-a3
In base 14, what is -a - -4?
-6
In base 3, what is 10 + -10002?
-2222
In base 2, what is 1010101 - 101011?
101010
In base 16, what is -1a - -3c8?
3ae
In base 5, what is -34 + -344?
-433
In base 2, what is -11 + -11?
-110
In base 15, what is -5 + -67?
-6c
In base 11, what is -3601 + 3?
-35a9
In base 4, what is -303 + 23?
-220
In base 3, what is 2210 + 12?
2222
In base 5, what is -2430 - 21?
-3001
In base 2, what is -11 - 11100110111?
-11100111010
In base 11, what is -223 + 3?
-220
In base 15, what is 8 + a?
13
In base 8, what is -14 + 5?
-7
In base 5, what is 10 + -131?
-121
In base 3, what is -22 + 222?
200
In base 11, what is -3 + -19?
-21
In base 8, what is 573 + 5?
600
In base 6, what is 3 - -4044?
4051
In base 10, what is 228 - 3?
225
In base 13, what is -2387a + -2?
-2387c
In base 11, what is -16 - -4?
-12
In base 12, what is 3 + -147?
-144
In base 7, what is -2 + 314?
312
In base 16, what is -b2 - 1?
-b3
In base 5, what is 11 + 3?
14
In base 8, what is 7476 - 0?
7476
In base 8, what is 5 - 1?
4
In base 14, what is -55 + -4?
-59
In base 13, what is 3 - 3c32?
-3c2c
In base 12, what is 3 - -48?
4b
In base 9, what is -6 - -6